p + 579, 132 = l - z*p. What are the prime factors of l?
3, 7
List the prime factors of 1/(-2)*19*466580/(-82).
5, 19, 569
Let v = -2265 + 949. What are the prime factors of v/(-4) - (-12)/(-3)?
5, 13
Suppose 4*i - 14566 = s, i + 108*s - 104*s - 3667 = 0. What are the prime factors of i?
3643
Let w = -59579 + 84900. List the prime factors of w.
25321
Let l(k) = -11*k**3 + 46*k**2 + 373*k + 35. List the prime factors of l(-9).
8423
List the prime factors of 1*65/(-26) - 11089/(-2).
2, 17, 163
Let o(d) = -21*d + 41. Let k be o(31). Let y = 181 - k. What are the prime factors of y?
7, 113
Suppose 0 = 21*g - 434670 - 220152. List the prime factors of g.
2, 3, 5197
Let u = 617 - 296. Suppose -6*o - u = -y - 3*o, -5*y + 1541 = o. List the prime factors of y.
3, 103
Suppose -14 = -m + 3*h, -5*h + 4 = -5*m + 24. Let i(s) = -746*s**3 - 5*s**2 - s + 3. List the prime factors of i(m).
5, 149
Let x = 15032 + -8885. What are the prime factors of x?
3, 683
Let k(g) = -115*g + 16. Let t be k(-4). Let z = -133 + t. What are the prime factors of z?
7
Let w(v) be the second derivative of 5*v**3/3 - 16*v**2 - 55*v. What are the prime factors of w(6)?
2, 7
Let b = -54 - -55. What are the prime factors of 241 + b - 84/14?
2, 59
Let l(k) = -1019*k - 2745. What are the prime factors of l(-24)?
3, 7237
Let x be 9/2 + (-22)/(-44). Suppose -2*t - x*p = -4*t + 153, 5*t - 3*p = 335. Suppose -8*k = -t - 376. List the prime factors of k.
5, 11
Let c(r) = r**3 - 133*r**2 + 220*r + 719. What are the prime factors of c(134)?
5, 9631
Let o be (7/((-77)/(-2)))/(2/22). Suppose 1316 = 5*r - o*j, 20*r - 19*r = 4*j + 274. List the prime factors of r.
2, 131
Let f be -36*(0 + (-6)/4). Let z = f + -50. Suppose -2*b + j + 64 + 47 = 0, -86 = -2*b - z*j. What are the prime factors of b?
53
Let u(f) = 3*f**3 + 36*f**2 + 31*f - 93. List the prime factors of u(20).
7, 67, 83
Let p be 5 + 2830/(-4 + (5 - -1)). Suppose 24*l - p = 4*l. List the prime factors of l.
71
Let y = -70 + 102. Let s = 77 - y. Let r = s - -113. What are the prime factors of r?
2, 79
Let z(w) = -137*w**2 + 843*w - 1. List the prime factors of z(3).
5, 7, 37
Let z(q) = 889*q**2 + 21*q + 78. List the prime factors of z(-3).
2, 3, 167
Let g(z) = z**2 - 19*z + 20. Let o be g(18). Let w be 0 + 2 + ((-8)/o - -6). Suppose w*n - 23 = 3*n. What are the prime factors of n?
23
Suppose 0 = -3*g, -3*g + 18720 = 3*z - 0*g. Suppose 11*j - z = -4*j. Suppose -5*p + 3*p - 2*m + 220 = 0, -j = -4*p + 4*m. What are the prime factors of p?
107
Let o(g) = 21*g**2 + 36*g - 306. Let d(a) = -4*a**2 - 7*a + 56. Let s(n) = -11*d(n) - 2*o(n). Suppose 4*l + 4 = -16. What are the prime factors of s(l)?
3, 7
Let g(z) = 15*z + 170. Let t be g(-39). Let u = t - -428. List the prime factors of u.
13
List the prime factors of (1598103/5)/29 + 6/10.
2, 3, 11, 167
Let d(s) = 537*s**2 - 1476*s + 12. What are the prime factors of d(7)?
3, 1777
Suppose -26*c + 24*c - 1064 = 0. Let x = c + 778. List the prime factors of x.
2, 3, 41
List the prime factors of (-4)/8*23260*-1.
2, 5, 1163
Let b be (-1)/((3 + -2)*-1). List the prime factors of -6*b/(30/(-925)).
5, 37
Suppose -5*s + 85 = 75, m - 2*s - 39395 = 0. What are the prime factors of m?
3, 23, 571
Let b = 2333 - 1292. Suppose 4*h = 1079 + b. What are the prime factors of h?
2, 5, 53
Let w be 2/(-8) + (-2)/16*78. Let s = 15 + w. Suppose 6*t - 47 = s*t + d, 0 = 3*t - 2*d - 146. What are the prime factors of t?
2, 13
Let h = 1 + 1. Suppose 3*x = h*b + 871, -4*x = -4*b - 0*b - 1164. What are the prime factors of x?
17
Let b(t) = 2*t**2 - t + 12. Let j be b(5). Let o = j + 50. Let d = o + -62. What are the prime factors of d?
3, 5
Suppose -140*s - 943092 = -318*s + 155*s. List the prime factors of s.
2, 3, 17, 67
Let u(r) = -13*r - 16. Let y be u(-4). Suppose t + y = 5*t. Suppose -d - n + 25 = 0, -3*d + t*n + 67 = 4*n. What are the prime factors of d?
2, 3
Suppose 3*l + 11*v - 15052 = 9*v, 5029 = l + 3*v. What are the prime factors of l?
2, 23, 109
Suppose 3 = -3*t - 3. Let w(d) = -13*d + 72. Let u be w(5). What are the prime factors of 31 - (u - 4)*t/(-6)?
2, 3, 5
Suppose 48*a - 87315 = 113757. List the prime factors of a.
59, 71
List the prime factors of (144/(-108))/((5/3297)/(-5)).
2, 7, 157
Let s = 65 + -107. What are the prime factors of s/105 + (-224)/(-10)?
2, 11
Suppose 2366 + 35 = -7*x. Let u be (2 + -4)*2 - x. Suppose -4*c + 393 = -b, -5*b - 42 = -4*c + u. What are the prime factors of c?
3, 11
Suppose 4*o + 9 - 16 = -3*i, 2*i - 16 = 3*o. Suppose -1709 + 6629 = 5*g - 5*l, i*g + 5*l - 4930 = 0. What are the prime factors of g?
5, 197
Suppose -1259 = 5*x + 4*v - 12998, 0 = -x + 4*v + 2343. Suppose 4*l + x = 7759. What are the prime factors of l?
3, 11, 41
Suppose -10*k + 3*k = -3*k. Let j(o) = 5*o**2 - 32*o + 15. Let v be j(6). Suppose -f - 592 = -v*q - 6*f, q - f - 208 = k. What are the prime factors of q?
2, 3, 17
Let j = -3848 - -4544. List the prime factors of j.
2, 3, 29
Suppose -n + 146 = 271. Suppose -3*m = 3*l + 111, 4 - 58 = 2*m - 2*l. Let c = m - n. What are the prime factors of c?
3, 31
Let d = -134 - -262. Let c = 132 - d. Suppose -26 = -a - c*o, -4*a + 2*o - 28 = -6*a. List the prime factors of a.
2, 5
Let a(b) = 19*b + 523. What are the prime factors of a(30)?
1093
Let x(u) = -22*u + 11 - 6*u + 4 + 5. List the prime factors of x(-15).
2, 5, 11
Let u = 28268 + -11344. What are the prime factors of u?
2, 4231
Let u = 309 + 862. Suppose 9*w - u = 5*w - 5*p, -10 = 2*p. What are the prime factors of w?
13, 23
Let g(l) = 1016*l - 1090. What are the prime factors of g(7)?
2, 3011
Let q(m) = m**3 + 5*m**2 + 3. Suppose -4*k = 20 - 0. Let c be q(k). Suppose -2*l + 3*l - 36 = c*u, 0 = -u + 1. List the prime factors of l.
3, 13
Suppose 5*c - 2338 = -4*k, -2*k + 413 = c - 51. Suppose -16*l + 14*l - c = 0. Let p = l + 394. List the prime factors of p.
3, 53
Let m = 55 - 40. Let t be (-40)/m*(-207)/4. Suppose 0 = -5*j + t + 107. List the prime factors of j.
7
Let r be 12/(-78) - 28/(-13). Suppose 2*d - r*o - 838 = -0*o, o = 4*d - 1661. List the prime factors of d.
2, 3, 23
Let x = -250 - -270. Suppose 0 = -x*s + 256 + 4. List the prime factors of s.
13
Suppose -470140 = -49*c + 3*c - 62258. List the prime factors of c.
8867
Suppose 5*m = 6*m - 534. Let n = m + -309. What are the prime factors of n + (42/10 - 10/50)?
229
Let j = -320 + 251. Let l = 457 + j. List the prime factors of l.
2, 97
Let t be (-7)/(28/18)*-2. Let b be (-2420)/(-8) + t/6. Suppose -7*g = -3*g - b. What are the prime factors of g?
2, 19
Let x = 13 - -58. Let q be 20/(-12)*(-1 + -2). Suppose 0 = -4*z + x + q. List the prime factors of z.
19
Let x be 3*(94 - (0 - -1) - -1). Let j = x + -162. List the prime factors of (5/2)/(5/j).
2, 3, 5
Let p be (-266)/(-18) + (-2)/(-9). Let b be (-6)/4*10/p*2. What are the prime factors of 8/(12/3) - b?
2
Suppose -5*v + 22441 = 3*a - 6238, 0 = 4*v + 5*a - 22938. Suppose -4*y = 3*q - v, -y - q = 4*q - 1430. List the prime factors of y.
5, 7, 41
Let k(r) = 11*r - 18. Let t(o) = o + 1. Let a(v) = -2*k(v) - 22*t(v). List the prime factors of a(-10).
2, 227
List the prime factors of 5663 + (2 - 3) + -5.
5657
Let y(v) = -147*v**3 + 15*v**2 - 18*v + 9. List the prime factors of y(-5).
3, 61, 103
Let l = 161 + -156. Suppose -5539 = -l*j - p, j - 2*p = -4*j + 5527. What are the prime factors of j?
3, 41
Let d(h) = -h**3 - 22*h**2 - 22*h - 50. Let n be d(-21). Let b = 30 + n. What are the prime factors of 203 + 4 + (-1)/b?
2, 103
Suppose -15602 = 2*b - 4*b - 5*a, -3*a - 7790 = -b. What are the prime factors of b?
2, 1949
Let y(j) = -j**2 - 14*j - 21. Let f be y(-16). Let c = -22 - f. Suppose -c = -6*z + 83. What are the prime factors of z?
19
Let f = 286 + -283. Suppose -f*k + 635 = k - o, 2*o + 790 = 5*k. List the prime factors of k.
2, 5
Let u(g) = 14*g**3 - 25*g**2 + 37*g - 136. What are the prime factors of u(13)?
2, 89, 151
Let z be (-3)/(-2 + -1)*(-2 - -2). Suppose -16*o + 7*o + 5841 = z. List the prime factors of o.
11, 59
Suppose 5*b + 11 - 15 = 2*y, 2*b + 3*y + 6 = 0. Suppose b = -15*h + 1741 + 1814. What are the prime factors of h?
3, 79
Suppose 6*m + 4*m + 41682 = 13*m. List the prime factors of m.
2, 6947
Let s be 747/3 + (-7 - -5). Let b = 359 - s. List the prime factors of b.
2, 7
Let t be -1